hen 31438 is divided by 12.
10
What is the remainder when 1196 is divided by 71?
60
What is the remainder when 319310 is divided by 132?
2
Calculate the remainder when 100218 is divided by 11.
8
Calculate the remainder when 916 is divided by 46.
42
What is the remainder when 222928 is divided by 106?
10
What is the remainder when 79337 is divided by 13214?
53
Calculate the remainder when 363794 is divided by 121255.
29
Calculate the remainder when 1748 is divided by 14.
12
What is the remainder when 369948 is divided by 123308?
24
What is the remainder when 19499 is divided by 398?
395
What is the remainder when 2409 is divided by 175?
134
What is the remainder when 514 is divided by 13?
7
What is the remainder when 2939001 is divided by 1692?
1689
Calculate the remainder when 10723 is divided by 3569.
16
Calculate the remainder when 2544113 is divided by 43864.
1
What is the remainder when 4981 is divided by 981?
76
What is the remainder when 9157 is divided by 255?
232
What is the remainder when 4656 is divided by 457?
86
What is the remainder when 3896249 is divided by 750?
749
What is the remainder when 54497 is divided by 1514?
1507
Calculate the remainder when 20661 is divided by 20.
1
Calculate the remainder when 557305 is divided by 548.
537
Calculate the remainder when 201023 is divided by 166.
163
Calculate the remainder when 4090 is divided by 1719.
652
Calculate the remainder when 21102 is divided by 117.
42
Calculate the remainder when 1511 is divided by 388.
347
Calculate the remainder when 92511 is divided by 18488.
71
Calculate the remainder when 19850 is divided by 28.
26
Calculate the remainder when 346555 is divided by 115516.
7
Calculate the remainder when 11182 is divided by 287.
276
Calculate the remainder when 10746 is divided by 238.
36
What is the remainder when 72752 is divided by 282?
278
What is the remainder when 3168 is divided by 65?
48
What is the remainder when 8046 is divided by 7996?
50
What is the remainder when 81820 is divided by 1515?
10
Calculate the remainder when 3075 is divided by 137.
61
What is the remainder when 38156347 is divided by 231?
229
Calculate the remainder when 2121822 is divided by 244.
242
What is the remainder when 103730 is divided by 73?
70
Calculate the remainder when 15355 is divided by 145.
130
What is the remainder when 3851 is divided by 3678?
173
What is the remainder when 10654 is divided by 143?
72
What is the remainder when 163202 is divided by 640?
2
Calculate the remainder when 41779 is divided by 116.
19
What is the remainder when 11651 is divided by 1663?
10
What is the remainder when 14500 is divided by 23?
10
What is the remainder when 6935 is divided by 3240?
455
What is the remainder when 27820 is divided by 9225?
145
What is the remainder when 496892 is divided by 227?
216
Calculate the remainder when 17044 is divided by 11.
5
What is the remainder when 249233 is divided by 402?
395
What is the remainder when 5775075 is divided by 1253?
1251
Calculate the remainder when 10106 is divided by 841.
14
What is the remainder when 4756 is divided by 228?
196
What is the remainder when 46322 is divided by 23152?
18
Calculate the remainder when 168726 is divided by 42175.
26
What is the remainder when 5654 is divided by 4582?
1072
What is the remainder when 7095 is divided by 191?
28
What is the remainder when 2731 is divided by 409?
277
What is the remainder when 7217 is divided by 274?
93
Calculate the remainder when 237047 is divided by 332.
331
What is the remainder when 173050 is divided by 69?
67
What is the remainder when 90481 is divided by 52?
1
Calculate the remainder when 28965 is divided by 7241.
1
What is the remainder when 5852 is divided by 5842?
10
What is the remainder when 7483 is divided by 288?
283
Calculate the remainder when 9094 is divided by 1297.
15
What is the remainder when 19883 is divided by 167?
10
Calculate the remainder when 3930 is divided by 942.
162
What is the remainder when 94666 is divided by 42?
40
What is the remainder when 9994 is divided by 213?
196
What is the remainder when 11618 is divided by 207?
26
What is the remainder when 41644 is divided by 33?
31
Calculate the remainder when 9682 is divided by 65.
62
What is the remainder when 1989 is divided by 689?
611
Calculate the remainder when 9550 is divided by 455.
450
What is the remainder when 294329 is divided by 576?
569
Calculate the remainder when 13648 is divided by 3330.
328
What is the remainder when 38027 is divided by 19?
8
Calculate the remainder when 137514 is divided by 38.
30
Calculate the remainder when 4028 is divided by 224.
220
Calculate the remainder when 17745 is divided by 169.
0
Calculate the remainder when 1062729 is divided by 531363.
3
What is the remainder when 5152 is divided by 451?
191
Calculate the remainder when 7276 is divided by 139.
48
Calculate the remainder when 29352 is divided by 5.
2
Calculate the remainder when 14514 is divided by 41.
0
What is the remainder when 23845 is divided by 5961?
1
Calculate the remainder when 8902 is divided by 890.
2
Calculate the remainder when 2951 is divided by 491.
5
What is the remainder when 69319 is divided by 25?
19
Calculate the remainder when 10178 is divided by 117.
116
Calculate the remainder when 55764 is divided by 18587.
3
What is the remainder when 33968 is divided by 86?
84
What is the remainder when 30660 is divided by 91?
84
What is the remainder when 49930 is divided by 142?
88
What is the remainder when 1323 is divided by 400?
123
Calculate the remainder when 8865 is divided by 91.
38
Calculate the remainder when 7228 is divided by 1031.
11
Calculate the remainder when 3303 is divided by 2514.
789
What is the remainder when 67563 is divided by 16884?
27
What is the remainder when 662098 is divided by 8?
2
What is the remainder when 94019 is divided by 584?
579
Calculate the remainder when 896 is divided by 895.
1
Calculate the remainder when 7031 is divided by 2325.
56
Calculate the remainder when 76794 is divided by 22.
14
Calculate the remainder when 736224 is divided by 69.
63
What is the remainder when 2508 is divided by 1220?
68
What is the remainder when 23065 is divided by 6?
1
Calculate the remainder when 16857 is divided by 41.
6
What is the remainder when 3892 is divided by 1286?
34
Calculate the remainder when 4030 is divided by 54.
34
Calculate the remainder when 291102 is divided by 8.
6
Calculate the remainder when 1617737 is divided by 20.
17
Calculate the remainder when 948 is divided by 373.
202
What is the remainder when 3032 is divided by 340?
312
Calculate the remainder when 7226 is divided by 902.
10
Calculate the remainder when 5096 is divided by 1245.
116
Calculate the remainder when 163905 is divided by 110.
5
Calculate the remainder when 362777 is divided by 20151.
59
Calculate the remainder when 1032168 is divided by 103.
5
Calculate the remainder when 4869 is divided by 1890.
1089
What is the remainder when 12058 is divided by 131?
6
What is the remainder when 35511 is divided by 11837?
0
Calculate the remainder when 20384 is divided by 150.
134
Calculate the remainder when 124534 is divided by 15566.
6
What is the remainder when 42171 is divided by 13?
12
What is the remainder when 42182 is divided by 20969?
244
Calculate the remainder when 315516 is divided by 464.
460
What is the remainder when 70478 is divided by 92?
6
What is the remainder when 331743 is divided by 1710?
3
Calculate the remainder when 18722 is divided by 97.
1
What is the remainder when 117729 is divided by 145?
134
Calculate the remainder when 1012 is divided by 474.
64
What is the remainder when 102604 is divided by 17094?
40
What is the remainder when 59233 is divided by 6?
1
What is the remainder when 203642 is divided by 688?
682
Calculate the remainder when 10773 is divided by 1169.
252
Calculate the remainder when 57543 is divided by 159.
144
Calculate the remainder when 36012 is divided by 2118.
6
Calculate the remainder when 188677 is divided by 356.
353
What is the remainder when 42370 is divided by 356?
6
Calculate the remainder when 261 is divided by 88.
85
What is the remainder when 32647 is divided by 116?
51
Calculate the remainder when 2781 is divided by 729.
594
Calculate t